
2
Let o(u) = -22*u**2 - 5681*u - 45278. What is o(-250)?
-28
Let d(r) = -2*r**3 - 15*r**2 + 13*r + 73. Calculate d(-7).
-67
Let q(n) = -77*n**2 + 7395*n - 525. Determine q(96).
-237
Let h(f) = -8555*f + 47210. Determine h(6).
-4120
Let i(u) = -66*u**2 + 20722*u + 629. Determine i(314).
1
Let f(d) = d**3 + 434*d**2 - 22593*d - 643. Calculate f(47).
15
Let q(c) = 3*c**2 + 162*c + 3254. Give q(-27).
1067
Let u(m) = -5*m**2 - 3876*m - 346899. What is u(-672)?
-147
Let a(b) = -3*b**3 + 1368*b**2 + b - 451. What is a(456)?
5
Let u(z) = z**2 + 29660*z - 3304611. Calculate u(111).
-30
Let u(i) = -3*i**2 - 241*i + 138. Give u(-81).
-24
Let t(a) = -a**3 + 8*a**2 - 96*a + 383. Determine t(4).
63
Let b(c) = c**3 - 65*c**2 - 574*c - 13206. Determine b(75).
-6
Let r(g) = -2*g**2 + 960*g - 58769. Calculate r(408).
-17
Let n(i) = 2*i**3 - 6*i**2 - 268*i + 1504. Give n(6).
112
Let l(f) = 2*f**2 - 1208*f + 98361. What is l(97)?
3
Let h(f) = -3*f**2 + 1055*f + 87561. Calculate h(421).
-7
Let f(j) = -4426*j + 101823. Determine f(23).
25
Let b(j) = 111*j**2 - 1194*j - 4574. What is b(-3)?
7
Let a(j) = 30540*j - 152724. What is a(5)?
-24
Let v(s) = 5*s**3 - 138*s**2 + 49*s - 263. Calculate v(7).
-4967
Let z(b) = -b**3 - 125*b**2 - 3839*b - 192. Determine z(-69).
-1917
Let m(w) = 31*w**2 - 10*w - 222. Calculate m(7).
1227
Let l(b) = b**2 - 295*b + 20337. What is l(115)?
-363
Let y(t) = -19539*t - 18957. Calculate y(-1).
582
Let u(c) = 3*c**3 - 8*c**2 + 17*c. Calculate u(9).
1692
Let l(u) = 962*u - 57055. Determine l(59).
-297
Let t(u) = 344680*u - 1723410. Determine t(5).
-10
Let i(v) = -605*v + 20545. Determine i(34).
-25
Let w(x) = x**3 - 38*x**2 - 173*x + 1981. What is w(41)?
-69
Let n(k) = -3654*k - 3321484. Calculate n(-909).
2
Let u(d) = 3*d**2 - 45*d - 1304. What is u(-15)?
46
Let w(n) = -n**2 + 146*n - 2478. Give w(21).
147
Let p(l) = 18652*l + 6173810. Calculate p(-331).
-2
Let b(s) = 899741*s - 4498687. Determine b(5).
18
Let n(y) = 2*y**3 - 8*y**2 - 141*y - 35. Determine n(-7).
-126
Let h(z) = 280*z + 18269. Give h(-65).
69
Let y(h) = 1456*h + 9268. Give y(-7).
-924
Let h(l) = -124257*l + 745495. What is h(6)?
-47
Let v(l) = l**3 + 34*l**2 - 3*l - 383. Give v(-34).
-281
Let f(u) = -u**3 - 39*u**2 - 120*u + 262. Determine f(-5).
12
Let v(s) = s**3 - 65*s**2 - 857*s - 241. Calculate v(-11).
-10
Let h(s) = -s**2 + 85*s + 2282. Calculate h(99).
896
Let k(m) = -10*m**3 - 753*m**2 - 231*m - 105. What is k(-75)?
345
Let p(a) = -a**3 + 62*a**2 + 6*a + 3758. Determine p(63).
167
Let h(d) = -d**3 + 61*d**2 - 784*d - 3597. Give h(38).
-177
Let v(p) = -9826*p**2 - 2741455*p - 272. Determine v(-279).
7
Let g(r) = -86379*r + 27554905. Determine g(319).
4
Let h(v) = -185*v + 17902. Determine h(101).
-783
Let r(i) = -4*i**2 - 280*i - 1144. What is r(0)?
-1144
Let w(f) = -143*f**2 + 713*f - 1511. Determine w(2).
-657
Let x(h) = h**3 + 153*h**2 + 353*h - 17636. Give x(-150).
-3086
Let h(r) = -r**3 - 25278*r**2 - 858294*r + 77. Give h(-34).
9
Let r(c) = -47*c**2 - 20*c - 36. Give r(6).
-1848
Let j(p) = -11*p**2 + 14*p - 603. Give j(0).
-603
Let o(r) = -24*r**2 + 6044*r + 1146. Give o(252).
138
Let l(t) = -2618*t + 62980. Give l(24).
148
Let w(q) = -q**2 + 24*q + 32093. What is w(-168)?
-163
Let x(z) = -3712*z - 116556. Determine x(-32).
2228
Let z(l) = 5*l**3 - 97*l**2 - 156*l - 61. Give z(21).
191
Let k(r) = -4*r**2 - 3393*r - 63015. Determine k(-19).
8
Let c(o) = -41*o**2 + 1557*o + 37. Give c(38).
-1
Let r(i) = 5*i**3 + 46*i**2 - 1610*i - 11806. Give r(-7).
3
Let m(o) = -73*o**3 + 4088*o**2 + 4*o - 249. Give m(56).
-25
Let s(u) = 110*u**3 - 2484*u**2 - 1053*u - 96. Calculate s(23).
19
Let f(g) = -3*g**3 - 236*g**2 + 77*g - 202. Give f(-79).
-44
Let j(h) = 1752*h + 76389. Determine j(-42).
2805
Let c(g) = -g**3 - 2*g**2 + 81*g + 89. Give c(-9).
-73
Let t(r) = 8337*r + 92120. Determine t(-11).
413
Let f(i) = 2*i**2 - 1429223*i + 5716867. Give f(4).
7
Let d(h) = -2175*h + 17713. Determine d(8).
313
Let p(o) = 24*o**2 - o - 12. Give p(-4).
376
Let h(u) = u**3 - 4*u**2 - 1317*u + 9064. What is h(7)?
-8
Let n(i) = -179*i**2 + 1195*i + 326. Calculate n(7).
-80
Let i(m) = 535*m + 33687. Calculate i(-63).
-18
Let m(u) = 17*u**3 - 3*u**2 + 227*u + 663. Calculate m(-3).
-504
Let l(c) = 1599*c**3 + 2*c**2 - 46*c + 46. What is l(1)?
1601
Let z(b) = -725944*b + 7259446. Give z(10).
6
Let w(l) = 2*l**3 - 627*l**2 + 2781*l - 16. Give w(309).
-16
Let c(j) = -j**3 - 11*j**2 - 36*j - 611. Determine c(-12).
-35
Let s(z) = 7*z**2 - 757*z + 298. What is s(108)?
190
Let r(m) = -m**2 + 86489*m - 2593796. Determine r(30).
-26
Let m(i) = -9*i + 2408. Give m(93).
1571
Let g(c) = -12*c**2 - 2428*c + 9982. What is g(4)?
78
Let f(c) = -7*c**2 + 1563*c - 9551. What is f(217)?
-3
Let n(y) = y**2 - 490651*y - 5397267. Give n(-11).
15
Let h(z) = 1271*z + 21612. Determine h(-15).
2547
Let d(y) = 2575*y + 39842. What is d(-15)?
1217
Let a(q) = -3*q**3 - 567*q**2 + 8*q + 1553. Determine a(-189).
41
Let k(h) = -6*h**2 + 760*h - 22588. What is k(79)?
6
Let v(a) = -172*a**2 - 617*a - 13. What is v(-6)?
-2503
Let d(h) = -5*h**2 - 2866*h + 11444. What is d(4)?
-100
Let n(l) = 2338*l + 11688. Give n(-5).
-2
Let h(r) = -16173*r + 80841. Calculate h(5).
-24
Let b(v) = 80*v**2 - 54*v - 128. Determine b(-3).
754
Let l(n) = 26*n**2 + 28359*n + 28357. What is l(-1)?
24
Let w(k) = 2*k**3 + 29*k**2 - 607*k - 1. Determine w(-26).
233
Let h(q) = 10*q**2 - 4783*q - 27581. Determine h(484).
7
Let w(b) = 2*b**2 - 571*b - 3417. Give w(-6).
81
Let a(n) = 4313*n + 112162. What is a(-26)?
24
Let t(i) = i**3 - 2*i**2 + 756*i - 937. Determine t(0).
-937
Let g(t) = -2*t**3 - 48*t**2 - 63*t - 17. Calculate g(-8).
-1561
Let c(m) = -51913*m - 51743. Calculate c(-1).
170
Let h(w) = 212*w**2 - 160*w - 28. What is h(-3)?
2360
Let n(q) = 418*q - 123965. Give n(296).
-237
Let o(x) = -9289*x + 362274. What is o(39)?
3
Let v(x) = -11764*x - 447035. Calculate v(-38).
-3
Let o(q) = -12308*q - 320102. Determine o(-26).
-94
Let g(a) = -10*a**3 + 19*a**2 - 279*a + 489. Calculate g(2).
-73
Let a(q) = 3042*q + 29556. Calculate a(-10).
-864
Let s(y) = -241*y + 27468. Calculate s(114).
-6
Let c(f) = -3*f**3 - 120*f**2 - 30*f - 33. Determine c(-40).
1167
Let k(d) = -4521*d - 157725. Give k(-35).
510
Let t(g) = g**3 - 21*g**2 + 3752*g - 105672. Determine t(27).
6
Let n(j) = -4415*j + 494443. Give n(112).
-37
Let v(g) = -32189*g + 772567. What is v(24)?
31
Let z(k) = -22*k**3 + 89*k**2 - 929*k + 3695. Determine z(4).
-5
Let y(m) = 44624*m + 5354873. Give y(-120).
-7
Let c(z) = 120*z**2 - 2418*z + 189. Determine c(20).
-171
Let q(m) = m**3 + m**2 - 135*m - 338. Give q(-8).
294
Let k(x) = 2*x**3 + 8*x**2 + 251*x + 1876. Give k(-8).
-644
Let g(j) = -109768*j + 109878. Calculate g(1).
110
Let d(u) = -4*u**2 - 16884*u - 50598. Calculate d(-3).
18
Let x(m) = -4535391*m - 49889300. Calculate x(-11).
1
Let x(w) = -78*w**3 + 159*w**2 - 247*w + 491. Give x(2).
9
Let f(v) = -v**2 - 71*v + 481. Determine f(-71).
481
Let f(c) = 58*c**2 + 41*c + 97. Give f(-3).
496
Let i(m) = -140820*m - 140828. What is i(-1)?
-8
Let n(p) = 735221*p + 1470448. Determine n(-2).
6
Let h(w) = -1538*w + 12155. What is h(7)?
1389
Let m(b) = -358*b**2 - 267062*b + 4463. What is m(-746)?
-13
Let a(s) = -965315*s + 45369817. Determine a(47).
12
Let q(i) = 21*i + 2298. Determine q(-54).
1164
Let f(d) = -3*d**3 + 86*d**2 - 550*d - 37. Determine f(10).
63
Let g(x) = 2*x**3 - 540*x**2 + 326*x + 57035. Determine g(269).
7
Let k(t) = 169*t - 7422. Determine k(44).
14
Let o(s) = 382*s + 22158. Determine o(-58).
2
Let n(y) = -y**3 - 114*y**2 - 948*y + 10. Determine n(-9).
37
Let w(k) = -12*k**2 + 800*k - 4366. Give w(6).
2
Let u(h) = -3*h**3 - 391*h**2 + 247*h - 2262. Determine u(-131).
-297
Let x(y) = -y**3 + 38*y**2 - 321*y + 1262. Determine x(28).
114
Let i(u) = u**3 + 333*u - 1464. Calculate i(0).
-1464
Let n(r) = 30*r**3 - 450*r**2 + 10*r - 146. Determine n(15).
4
Let w(q) = -3*q**3 - 14*q**2 + 90*q + 742. Give w(-8).
662
Let d(t) = 18*t**2 + 34447*t + 34445. Calculate d(-1).
16
Let w(i) = -32530*i + 357136. Determine w(11).
-694
Let d(t) = -8103*t + 283574. Calculate d(35).
-31
Let u(g) = -346*g**2 + 21800*g - 127. What is u(63)?
-1
Let m(r) = -r**2 + 1504*r + 27502. What is m(-18)?
106
L